{"id":1022,"date":"2024-02-15T10:26:09","date_gmt":"2024-02-15T09:26:09","guid":{"rendered":"https:\/\/actugoodies.com\/?page_id=1022"},"modified":"2024-02-15T10:26:09","modified_gmt":"2024-02-15T09:26:09","slug":"goodies-a-la-fete-des-meres-des-tresors-daffection-pour-celebrer-lamour-maternel","status":"publish","type":"page","link":"https:\/\/actugoodies.com\/?page_id=1022","title":{"rendered":"Goodies \u00e0 la F\u00eate des M\u00e8res : Des tr\u00e9sors d&rsquo;affection pour c\u00e9l\u00e9brer l&rsquo;amour maternel"},"content":{"rendered":"<p>[et_pb_section fb_built=\u00a0\u00bb1&Prime; theme_builder_area=\u00a0\u00bbpost_content\u00a0\u00bb _builder_version=\u00a0\u00bb4.24.0&Prime; _module_preset=\u00a0\u00bbdefault\u00a0\u00bb][et_pb_row _builder_version=\u00a0\u00bb4.24.0&Prime; _module_preset=\u00a0\u00bbdefault\u00a0\u00bb theme_builder_area=\u00a0\u00bbpost_content\u00a0\u00bb][et_pb_column _builder_version=\u00a0\u00bb4.24.0&Prime; _module_preset=\u00a0\u00bbdefault\u00a0\u00bb type=\u00a0\u00bb4_4&Prime; theme_builder_area=\u00a0\u00bbpost_content\u00a0\u00bb][et_pb_post_title _builder_version=\u00a0\u00bb4.24.0&Prime; _module_preset=\u00a0\u00bbdefault\u00a0\u00bb theme_builder_area=\u00a0\u00bbpost_content\u00a0\u00bb meta=\u00a0\u00bboff\u00a0\u00bb featured_image=\u00a0\u00bboff\u00a0\u00bb title_font=\u00a0\u00bb|700|||||||\u00a0\u00bb hover_enabled=\u00a0\u00bb0&Prime; sticky_enabled=\u00a0\u00bb0&Prime; title_text_align=\u00a0\u00bbcenter\u00a0\u00bb title_text_color=\u00a0\u00bb#8F8F8F\u00a0\u00bb][\/et_pb_post_title][\/et_pb_column][\/et_pb_row][\/et_pb_section][et_pb_section fb_built=\u00a0\u00bb1&Prime; theme_builder_area=\u00a0\u00bbpost_content\u00a0\u00bb _builder_version=\u00a0\u00bb4.24.0&Prime; _module_preset=\u00a0\u00bbdefault\u00a0\u00bb custom_padding=\u00a0\u00bb0px|||||\u00a0\u00bb][et_pb_row _builder_version=\u00a0\u00bb4.24.0&Prime; _module_preset=\u00a0\u00bbdefault\u00a0\u00bb theme_builder_area=\u00a0\u00bbpost_content\u00a0\u00bb][et_pb_column _builder_version=\u00a0\u00bb4.24.0&Prime; _module_preset=\u00a0\u00bbdefault\u00a0\u00bb type=\u00a0\u00bb4_4&Prime; theme_builder_area=\u00a0\u00bbpost_content\u00a0\u00bb][et_pb_image src=\u00a0\u00bbhttps:\/\/actugoodies.com\/wp-content\/uploads\/2024\/02\/mom-1372466_1280.jpg\u00a0\u00bb _builder_version=\u00a0\u00bb4.24.0&Prime; _module_preset=\u00a0\u00bbdefault\u00a0\u00bb theme_builder_area=\u00a0\u00bbpost_content\u00a0\u00bb title_text=\u00a0\u00bbmom-1372466_1280&Prime; border_radii=\u00a0\u00bbon|10px|10px|10px|10px\u00a0\u00bb hover_enabled=\u00a0\u00bb0&Prime; sticky_enabled=\u00a0\u00bb0&Prime;][\/et_pb_image][\/et_pb_column][\/et_pb_row][\/et_pb_section][et_pb_section fb_built=\u00a0\u00bb1&Prime; theme_builder_area=\u00a0\u00bbpost_content\u00a0\u00bb _builder_version=\u00a0\u00bb4.24.0&Prime; _module_preset=\u00a0\u00bbdefault\u00a0\u00bb custom_padding=\u00a0\u00bb0px|||||\u00a0\u00bb][et_pb_row _builder_version=\u00a0\u00bb4.24.0&Prime; _module_preset=\u00a0\u00bbdefault\u00a0\u00bb theme_builder_area=\u00a0\u00bbpost_content\u00a0\u00bb][et_pb_column _builder_version=\u00a0\u00bb4.24.0&Prime; _module_preset=\u00a0\u00bbdefault\u00a0\u00bb type=\u00a0\u00bb4_4&Prime; theme_builder_area=\u00a0\u00bbpost_content\u00a0\u00bb][et_pb_text _builder_version=\u00a0\u00bb4.24.0&Prime; _module_preset=\u00a0\u00bbdefault\u00a0\u00bb theme_builder_area=\u00a0\u00bbpost_content\u00a0\u00bb hover_enabled=\u00a0\u00bb0&Prime; sticky_enabled=\u00a0\u00bb0&Prime;]<\/p>\n<p>L&rsquo;approche de la F\u00eate des M\u00e8res suscite une <strong>anticipation joyeuse<\/strong> chez de nombreux individus cherchant \u00e0 exprimer leur gratitude et leur amour envers les femmes exceptionnelles qui ont fa\u00e7onn\u00e9 leur vie. Au-del\u00e0 de la traditionnelle carte de v\u0153ux ou du bouquet de fleurs, <strong>les goodies<\/strong> se r\u00e9v\u00e8lent \u00eatre <strong>des tr\u00e9sors d&rsquo;affection<\/strong>, offrant une opportunit\u00e9 unique de c\u00e9l\u00e9brer l&rsquo;amour maternel de mani\u00e8re tangible tout en soulignant des valeurs essentielles.<\/p>\n<p>&nbsp;<\/p>\n<p>Les goodies, tels que les <strong>mugs personnalis\u00e9s<\/strong>, les <strong>coussins douillets<\/strong>, ou m\u00eame les <strong>coffrets cadeaux<\/strong>, jouent un r\u00f4le essentiel dans la transmission des valeurs \u00e0 l&rsquo;occasion de la F\u00eate des M\u00e8res. Ces objets deviennent bien plus que de simples cadeaux, ils se transforment en <strong>symboles durables<\/strong> d&rsquo;affection et de reconnaissance. En choisissant des goodies qui refl\u00e8tent la personnalit\u00e9 de la m\u00e8re, on cr\u00e9e un lien \u00e9motionnel profond, renfor\u00e7ant ainsi le lien entre elle et son enfant. Un mug avec une citation significative, un coussin aux textures apaisantes, ou un coffret cadeau soigneusement s\u00e9lectionn\u00e9 deviennent des t\u00e9moignages visibles de l&rsquo;amour partag\u00e9, transformant la F\u00eate des M\u00e8res en une <strong>c\u00e9l\u00e9bration significative et m\u00e9morable<\/strong>.<\/p>\n<p>[\/et_pb_text][\/et_pb_column][\/et_pb_row][\/et_pb_section][et_pb_section fb_built=\u00a0\u00bb1&Prime; theme_builder_area=\u00a0\u00bbpost_content\u00a0\u00bb _builder_version=\u00a0\u00bb4.24.0&Prime; _module_preset=\u00a0\u00bbdefault\u00a0\u00bb custom_padding=\u00a0\u00bb0px|||||\u00a0\u00bb][et_pb_row _builder_version=\u00a0\u00bb4.24.0&Prime; _module_preset=\u00a0\u00bbdefault\u00a0\u00bb column_structure=\u00a0\u00bb1_2,1_2&Prime; theme_builder_area=\u00a0\u00bbpost_content\u00a0\u00bb][et_pb_column _builder_version=\u00a0\u00bb4.24.0&Prime; _module_preset=\u00a0\u00bbdefault\u00a0\u00bb type=\u00a0\u00bb1_2&Prime; theme_builder_area=\u00a0\u00bbpost_content\u00a0\u00bb][et_pb_image src=\u00a0\u00bbhttps:\/\/actugoodies.com\/wp-content\/uploads\/2024\/02\/Design-sans-titre-27.png\u00a0\u00bb _builder_version=\u00a0\u00bb4.24.0&Prime; _module_preset=\u00a0\u00bbdefault\u00a0\u00bb theme_builder_area=\u00a0\u00bbpost_content\u00a0\u00bb title_text=\u00a0\u00bbDesign sans titre (27)\u00a0\u00bb hover_enabled=\u00a0\u00bb0&Prime; sticky_enabled=\u00a0\u00bb0&Prime;][\/et_pb_image][\/et_pb_column][et_pb_column _builder_version=\u00a0\u00bb4.24.0&Prime; _module_preset=\u00a0\u00bbdefault\u00a0\u00bb type=\u00a0\u00bb1_2&Prime; theme_builder_area=\u00a0\u00bbpost_content\u00a0\u00bb][et_pb_text _builder_version=\u00a0\u00bb4.24.0&Prime; _module_preset=\u00a0\u00bbdefault\u00a0\u00bb theme_builder_area=\u00a0\u00bbpost_content\u00a0\u00bb custom_margin=\u00a0\u00bb90px||||false|false\u00a0\u00bb hover_enabled=\u00a0\u00bb0&Prime; sticky_enabled=\u00a0\u00bb0&Prime;]<\/p>\n<p>Offrez \u00e0 votre m\u00e8re un moment de bien-\u00eatre exquis avec ce <strong>coffret cadeau<\/strong>. Comprenant <strong>24 sachets<\/strong> de gel douche vegan, un shampoing et un gant en coton biologique, le tout soigneusement emball\u00e9 dans un tube et une bo\u00eete en papier recycl\u00e9. <strong>Fabriqu\u00e9 dans l&rsquo;UE<\/strong>, chaque \u00e9l\u00e9ment de cet ensemble promet une exp\u00e9rience de soins naturels et <strong>respectueux de l&rsquo;environnement<\/strong>. C&rsquo;est le cadeau parfait pour choyer votre maman pour cette occasion. Offrez le luxe de prendre soin de sa peau et de ses cheveux tout en contribuant \u00e0 la pr\u00e9servation de notre plan\u00e8te. Un geste attentionn\u00e9 qui marquera cette <strong>F\u00eate des M\u00e8res <\/strong>d&rsquo;une note de douceur et de durabilit\u00e9.<\/p>\n<p>[\/et_pb_text][\/et_pb_column][\/et_pb_row][\/et_pb_section][et_pb_section fb_built=\u00a0\u00bb1&Prime; theme_builder_area=\u00a0\u00bbpost_content\u00a0\u00bb _builder_version=\u00a0\u00bb4.24.0&Prime; _module_preset=\u00a0\u00bbdefault\u00a0\u00bb custom_padding=\u00a0\u00bb0px||0px|||\u00a0\u00bb min_height=\u00a0\u00bb442.6px\u00a0\u00bb][et_pb_row _builder_version=\u00a0\u00bb4.24.0&Prime; _module_preset=\u00a0\u00bbdefault\u00a0\u00bb column_structure=\u00a0\u00bb1_2,1_2&Prime; theme_builder_area=\u00a0\u00bbpost_content\u00a0\u00bb][et_pb_column _builder_version=\u00a0\u00bb4.24.0&Prime; _module_preset=\u00a0\u00bbdefault\u00a0\u00bb type=\u00a0\u00bb1_2&Prime; theme_builder_area=\u00a0\u00bbpost_content\u00a0\u00bb][et_pb_text _builder_version=\u00a0\u00bb4.24.0&Prime; _module_preset=\u00a0\u00bbdefault\u00a0\u00bb theme_builder_area=\u00a0\u00bbpost_content\u00a0\u00bb hover_enabled=\u00a0\u00bb0&Prime; sticky_enabled=\u00a0\u00bb0&Prime; custom_margin=\u00a0\u00bb50px||||false|false\u00a0\u00bb]<\/p>\n<p>Surprenez votre m\u00e8re avec un <strong>cadeau d\u00e9licieux et \u00e9l\u00e9gant<\/strong> pour la F\u00eate des M\u00e8res : notre plateau \u00e0 fromage accompagn\u00e9 de deux ustensiles en bambou et acier inoxydable. Pr\u00e9sent\u00e9 dans une <strong>bo\u00eete cadeau<\/strong> en papier, cet ensemble offre une exp\u00e9rience gastronomique raffin\u00e9e. Parfait pour les amateurs de fromage, ce plateau allie fonctionnalit\u00e9 et esth\u00e9tisme, ajoutant une touche sophistiqu\u00e9e \u00e0 ses moments de d\u00e9gustation. Offrez-lui le plaisir de savourer ses fromages pr\u00e9f\u00e9r\u00e9s avec style, faisant <strong>de cette f\u00eate une c\u00e9l\u00e9bration gourmande<\/strong> m\u00e9morable.<\/p>\n<p>[\/et_pb_text][\/et_pb_column][et_pb_column _builder_version=\u00a0\u00bb4.24.0&Prime; _module_preset=\u00a0\u00bbdefault\u00a0\u00bb type=\u00a0\u00bb1_2&Prime; theme_builder_area=\u00a0\u00bbpost_content\u00a0\u00bb][et_pb_image src=\u00a0\u00bbhttps:\/\/actugoodies.com\/wp-content\/uploads\/2024\/02\/93830_160-logo.jpg\u00a0\u00bb _builder_version=\u00a0\u00bb4.24.0&Prime; _module_preset=\u00a0\u00bbdefault\u00a0\u00bb theme_builder_area=\u00a0\u00bbpost_content\u00a0\u00bb hover_enabled=\u00a0\u00bb0&Prime; sticky_enabled=\u00a0\u00bb0&Prime; title_text=\u00a0\u00bb93830_160-logo\u00a0\u00bb custom_margin=\u00a0\u00bb-40px||||false|false\u00a0\u00bb][\/et_pb_image][\/et_pb_column][\/et_pb_row][\/et_pb_section][et_pb_section fb_built=\u00a0\u00bb1&Prime; theme_builder_area=\u00a0\u00bbpost_content\u00a0\u00bb _builder_version=\u00a0\u00bb4.24.0&Prime; _module_preset=\u00a0\u00bbdefault\u00a0\u00bb custom_padding=\u00a0\u00bb0px|||||\u00a0\u00bb][et_pb_row _builder_version=\u00a0\u00bb4.24.0&Prime; _module_preset=\u00a0\u00bbdefault\u00a0\u00bb column_structure=\u00a0\u00bb1_2,1_2&Prime; theme_builder_area=\u00a0\u00bbpost_content\u00a0\u00bb][et_pb_column _builder_version=\u00a0\u00bb4.24.0&Prime; _module_preset=\u00a0\u00bbdefault\u00a0\u00bb type=\u00a0\u00bb1_2&Prime; theme_builder_area=\u00a0\u00bbpost_content\u00a0\u00bb][et_pb_image src=\u00a0\u00bbhttps:\/\/actugoodies.com\/wp-content\/uploads\/2024\/02\/Design-sans-titre-28.png\u00a0\u00bb _builder_version=\u00a0\u00bb4.24.0&Prime; _module_preset=\u00a0\u00bbdefault\u00a0\u00bb theme_builder_area=\u00a0\u00bbpost_content\u00a0\u00bb hover_enabled=\u00a0\u00bb0&Prime; sticky_enabled=\u00a0\u00bb0&Prime; title_text=\u00a0\u00bbDesign sans titre (28)\u00a0\u00bb][\/et_pb_image][\/et_pb_column][et_pb_column _builder_version=\u00a0\u00bb4.24.0&Prime; _module_preset=\u00a0\u00bbdefault\u00a0\u00bb type=\u00a0\u00bb1_2&Prime; theme_builder_area=\u00a0\u00bbpost_content\u00a0\u00bb][et_pb_text _builder_version=\u00a0\u00bb4.24.0&Prime; _module_preset=\u00a0\u00bbdefault\u00a0\u00bb theme_builder_area=\u00a0\u00bbpost_content\u00a0\u00bb hover_enabled=\u00a0\u00bb0&Prime; sticky_enabled=\u00a0\u00bb0&Prime; custom_margin=\u00a0\u00bb110px||||false|false\u00a0\u00bb]<\/p>\n<p>Ravissez votre m\u00e8re avec <strong>un cadeau aussi pratique que styl\u00e9<\/strong> pour la F\u00eate des M\u00e8res : cet ensemble tablier bicolore, \u00e9quip\u00e9 de deux ustensiles en bambou et acier inoxydable. Pr\u00e9sent\u00e9 dans <strong>une bo\u00eete cadeau en papier<\/strong>, cet ensemble est une invitation \u00e0 une exp\u00e9rience culinaire exceptionnelle. Les deux liens beiges aux extr\u00e9mit\u00e9s et le tour de cou ajustable ajoutent une touche de confort, tandis que les 3 poches offrent une fonctionnalit\u00e9 pratique. La partie basse du tablier en couleur noire ajoute une \u00e9l\u00e9gance suppl\u00e9mentaire. Disponible en plus de 10 couleurs, ce tablier devient <strong>le cadeau id\u00e9al pour une F\u00eate des M\u00e8res m\u00e9morable<\/strong> et pleine de saveurs.<\/p>\n<p>[\/et_pb_text][\/et_pb_column][\/et_pb_row][et_pb_row _builder_version=\u00a0\u00bb4.24.0&Prime; _module_preset=\u00a0\u00bbdefault\u00a0\u00bb theme_builder_area=\u00a0\u00bbpost_content\u00a0\u00bb][et_pb_column _builder_version=\u00a0\u00bb4.24.0&Prime; _module_preset=\u00a0\u00bbdefault\u00a0\u00bb type=\u00a0\u00bb4_4&Prime; theme_builder_area=\u00a0\u00bbpost_content\u00a0\u00bb][et_pb_text _builder_version=\u00a0\u00bb4.24.0&Prime; _module_preset=\u00a0\u00bbdefault\u00a0\u00bb theme_builder_area=\u00a0\u00bbpost_content\u00a0\u00bb hover_enabled=\u00a0\u00bb0&Prime; sticky_enabled=\u00a0\u00bb0&Prime;]<\/p>\n<p>En conclusion, ces suggestions ne repr\u00e9sentent que quelques-unes des nombreuses options de <strong>cadeaux disponibles<\/strong> pour la F\u00eate des M\u00e8res. Que vous optiez pour un plateau \u00e0 fromage \u00e9l\u00e9gant, un tablier pratique ou tout autre cadeau personnalis\u00e9, l&rsquo;essentiel est d&rsquo;exprimer votre amour et votre gratitude envers votre m\u00e8re de mani\u00e8re significative et attentionn\u00e9e. <strong>Quel que soit le cadeau<\/strong> que vous choisissez, l&rsquo;important est de montrer \u00e0 votre m\u00e8re \u00e0 quel point elle compte pour vous et de c\u00e9l\u00e9brer l&rsquo;amour et la connexion sp\u00e9ciale entre une m\u00e8re et son enfant.<\/p>\n<p>&nbsp;<\/p>\n<p>&nbsp;<\/p>\n<p>[\/et_pb_text][\/et_pb_column][\/et_pb_row][\/et_pb_section]<\/p>\n","protected":false},"excerpt":{"rendered":"<p>L&rsquo;approche de la F\u00eate des M\u00e8res suscite une anticipation joyeuse chez de nombreux individus cherchant \u00e0 exprimer leur gratitude et leur amour envers les femmes exceptionnelles qui ont fa\u00e7onn\u00e9 leur vie. Au-del\u00e0 de la traditionnelle carte de v\u0153ux ou du bouquet de fleurs, les goodies se r\u00e9v\u00e8lent \u00eatre des tr\u00e9sors d&rsquo;affection, offrant une opportunit\u00e9 unique [&hellip;]<\/p>\n","protected":false},"author":1,"featured_media":0,"parent":0,"menu_order":0,"comment_status":"closed","ping_status":"closed","template":"","meta":{"_et_pb_use_builder":"on","_et_pb_old_content":"","_et_gb_content_width":"","footnotes":""},"class_list":["post-1022","page","type-page","status-publish","hentry"],"yoast_head":"<!-- This site is optimized with the Yoast SEO plugin v27.4 - https:\/\/yoast.com\/product\/yoast-seo-wordpress\/ -->\n<title>Goodies \u00e0 la F\u00eate des M\u00e8res : Des tr\u00e9sors d&#039;affection pour c\u00e9l\u00e9brer l&#039;amour maternel - Actugoodies<\/title>\n<meta name=\"robots\" content=\"index, follow, max-snippet:-1, max-image-preview:large, max-video-preview:-1\" \/>\n<link rel=\"canonical\" href=\"https:\/\/actugoodies.com\/?page_id=1022\" \/>\n<meta property=\"og:locale\" content=\"fr_FR\" \/>\n<meta property=\"og:type\" content=\"article\" \/>\n<meta property=\"og:title\" content=\"Goodies \u00e0 la F\u00eate des M\u00e8res : Des tr\u00e9sors d&#039;affection pour c\u00e9l\u00e9brer l&#039;amour maternel - Actugoodies\" \/>\n<meta property=\"og:description\" content=\"L&#039;approche de la F\u00eate des M\u00e8res suscite une anticipation joyeuse chez de nombreux individus cherchant \u00e0 exprimer leur gratitude et leur amour envers les femmes exceptionnelles qui ont fa\u00e7onn\u00e9 leur vie. Au-del\u00e0 de la traditionnelle carte de v\u0153ux ou du bouquet de fleurs, les goodies se r\u00e9v\u00e8lent \u00eatre des tr\u00e9sors d&#039;affection, offrant une opportunit\u00e9 unique [&hellip;]\" \/>\n<meta property=\"og:url\" content=\"https:\/\/actugoodies.com\/?page_id=1022\" \/>\n<meta property=\"og:site_name\" content=\"Actugoodies\" \/>\n<meta property=\"article:publisher\" content=\"https:\/\/www.facebook.com\/mediatours?locale=fr_FR\" \/>\n<meta name=\"twitter:card\" content=\"summary_large_image\" \/>\n<script type=\"application\/ld+json\" class=\"yoast-schema-graph\">{\"@context\":\"https:\\\/\\\/schema.org\",\"@graph\":[{\"@type\":\"WebPage\",\"@id\":\"https:\\\/\\\/actugoodies.com\\\/?page_id=1022\",\"url\":\"https:\\\/\\\/actugoodies.com\\\/?page_id=1022\",\"name\":\"Goodies \u00e0 la F\u00eate des M\u00e8res : Des tr\u00e9sors d'affection pour c\u00e9l\u00e9brer l'amour maternel - Actugoodies\",\"isPartOf\":{\"@id\":\"https:\\\/\\\/actugoodies.com\\\/#website\"},\"datePublished\":\"2024-02-15T09:26:09+00:00\",\"breadcrumb\":{\"@id\":\"https:\\\/\\\/actugoodies.com\\\/?page_id=1022#breadcrumb\"},\"inLanguage\":\"fr-FR\",\"potentialAction\":[{\"@type\":\"ReadAction\",\"target\":[\"https:\\\/\\\/actugoodies.com\\\/?page_id=1022\"]}]},{\"@type\":\"BreadcrumbList\",\"@id\":\"https:\\\/\\\/actugoodies.com\\\/?page_id=1022#breadcrumb\",\"itemListElement\":[{\"@type\":\"ListItem\",\"position\":1,\"name\":\"Accueil\",\"item\":\"https:\\\/\\\/actugoodies.com\\\/\"},{\"@type\":\"ListItem\",\"position\":2,\"name\":\"Goodies \u00e0 la F\u00eate des M\u00e8res : Des tr\u00e9sors d&rsquo;affection pour c\u00e9l\u00e9brer l&rsquo;amour maternel\"}]},{\"@type\":\"WebSite\",\"@id\":\"https:\\\/\\\/actugoodies.com\\\/#website\",\"url\":\"https:\\\/\\\/actugoodies.com\\\/\",\"name\":\"Actugoodies\",\"description\":\"ActuGoodies : Votre source num\u00e9ro un pour les tendances de l&#039;objet publicitaire!\",\"publisher\":{\"@id\":\"https:\\\/\\\/actugoodies.com\\\/#organization\"},\"potentialAction\":[{\"@type\":\"SearchAction\",\"target\":{\"@type\":\"EntryPoint\",\"urlTemplate\":\"https:\\\/\\\/actugoodies.com\\\/?s={search_term_string}\"},\"query-input\":{\"@type\":\"PropertyValueSpecification\",\"valueRequired\":true,\"valueName\":\"search_term_string\"}}],\"inLanguage\":\"fr-FR\"},{\"@type\":\"Organization\",\"@id\":\"https:\\\/\\\/actugoodies.com\\\/#organization\",\"name\":\"Actugoodies\",\"url\":\"https:\\\/\\\/actugoodies.com\\\/\",\"logo\":{\"@type\":\"ImageObject\",\"inLanguage\":\"fr-FR\",\"@id\":\"https:\\\/\\\/actugoodies.com\\\/#\\\/schema\\\/logo\\\/image\\\/\",\"url\":\"http:\\\/\\\/actugoodies.com\\\/wp-content\\\/uploads\\\/2024\\\/01\\\/LOGO_ACTUGOODIES_2024_V2-removebg-preview.png\",\"contentUrl\":\"http:\\\/\\\/actugoodies.com\\\/wp-content\\\/uploads\\\/2024\\\/01\\\/LOGO_ACTUGOODIES_2024_V2-removebg-preview.png\",\"width\":1024,\"height\":243,\"caption\":\"Actugoodies\"},\"image\":{\"@id\":\"https:\\\/\\\/actugoodies.com\\\/#\\\/schema\\\/logo\\\/image\\\/\"},\"sameAs\":[\"https:\\\/\\\/www.facebook.com\\\/mediatours?locale=fr_FR\",\"https:\\\/\\\/www.instagram.com\\\/cadeaucom\\\/\",\"https:\\\/\\\/www.linkedin.com\\\/company\\\/cadeaucom-objets-personnaliss\\\/\"]}]}<\/script>\n<!-- \/ Yoast SEO plugin. -->","yoast_head_json":{"title":"Goodies \u00e0 la F\u00eate des M\u00e8res : Des tr\u00e9sors d'affection pour c\u00e9l\u00e9brer l'amour maternel - Actugoodies","robots":{"index":"index","follow":"follow","max-snippet":"max-snippet:-1","max-image-preview":"max-image-preview:large","max-video-preview":"max-video-preview:-1"},"canonical":"https:\/\/actugoodies.com\/?page_id=1022","og_locale":"fr_FR","og_type":"article","og_title":"Goodies \u00e0 la F\u00eate des M\u00e8res : Des tr\u00e9sors d'affection pour c\u00e9l\u00e9brer l'amour maternel - Actugoodies","og_description":"L'approche de la F\u00eate des M\u00e8res suscite une anticipation joyeuse chez de nombreux individus cherchant \u00e0 exprimer leur gratitude et leur amour envers les femmes exceptionnelles qui ont fa\u00e7onn\u00e9 leur vie. Au-del\u00e0 de la traditionnelle carte de v\u0153ux ou du bouquet de fleurs, les goodies se r\u00e9v\u00e8lent \u00eatre des tr\u00e9sors d'affection, offrant une opportunit\u00e9 unique [&hellip;]","og_url":"https:\/\/actugoodies.com\/?page_id=1022","og_site_name":"Actugoodies","article_publisher":"https:\/\/www.facebook.com\/mediatours?locale=fr_FR","twitter_card":"summary_large_image","schema":{"@context":"https:\/\/schema.org","@graph":[{"@type":"WebPage","@id":"https:\/\/actugoodies.com\/?page_id=1022","url":"https:\/\/actugoodies.com\/?page_id=1022","name":"Goodies \u00e0 la F\u00eate des M\u00e8res : Des tr\u00e9sors d'affection pour c\u00e9l\u00e9brer l'amour maternel - Actugoodies","isPartOf":{"@id":"https:\/\/actugoodies.com\/#website"},"datePublished":"2024-02-15T09:26:09+00:00","breadcrumb":{"@id":"https:\/\/actugoodies.com\/?page_id=1022#breadcrumb"},"inLanguage":"fr-FR","potentialAction":[{"@type":"ReadAction","target":["https:\/\/actugoodies.com\/?page_id=1022"]}]},{"@type":"BreadcrumbList","@id":"https:\/\/actugoodies.com\/?page_id=1022#breadcrumb","itemListElement":[{"@type":"ListItem","position":1,"name":"Accueil","item":"https:\/\/actugoodies.com\/"},{"@type":"ListItem","position":2,"name":"Goodies \u00e0 la F\u00eate des M\u00e8res : Des tr\u00e9sors d&rsquo;affection pour c\u00e9l\u00e9brer l&rsquo;amour maternel"}]},{"@type":"WebSite","@id":"https:\/\/actugoodies.com\/#website","url":"https:\/\/actugoodies.com\/","name":"Actugoodies","description":"ActuGoodies : Votre source num\u00e9ro un pour les tendances de l&#039;objet publicitaire!","publisher":{"@id":"https:\/\/actugoodies.com\/#organization"},"potentialAction":[{"@type":"SearchAction","target":{"@type":"EntryPoint","urlTemplate":"https:\/\/actugoodies.com\/?s={search_term_string}"},"query-input":{"@type":"PropertyValueSpecification","valueRequired":true,"valueName":"search_term_string"}}],"inLanguage":"fr-FR"},{"@type":"Organization","@id":"https:\/\/actugoodies.com\/#organization","name":"Actugoodies","url":"https:\/\/actugoodies.com\/","logo":{"@type":"ImageObject","inLanguage":"fr-FR","@id":"https:\/\/actugoodies.com\/#\/schema\/logo\/image\/","url":"http:\/\/actugoodies.com\/wp-content\/uploads\/2024\/01\/LOGO_ACTUGOODIES_2024_V2-removebg-preview.png","contentUrl":"http:\/\/actugoodies.com\/wp-content\/uploads\/2024\/01\/LOGO_ACTUGOODIES_2024_V2-removebg-preview.png","width":1024,"height":243,"caption":"Actugoodies"},"image":{"@id":"https:\/\/actugoodies.com\/#\/schema\/logo\/image\/"},"sameAs":["https:\/\/www.facebook.com\/mediatours?locale=fr_FR","https:\/\/www.instagram.com\/cadeaucom\/","https:\/\/www.linkedin.com\/company\/cadeaucom-objets-personnaliss\/"]}]}},"_links":{"self":[{"href":"https:\/\/actugoodies.com\/index.php?rest_route=\/wp\/v2\/pages\/1022","targetHints":{"allow":["GET"]}}],"collection":[{"href":"https:\/\/actugoodies.com\/index.php?rest_route=\/wp\/v2\/pages"}],"about":[{"href":"https:\/\/actugoodies.com\/index.php?rest_route=\/wp\/v2\/types\/page"}],"author":[{"embeddable":true,"href":"https:\/\/actugoodies.com\/index.php?rest_route=\/wp\/v2\/users\/1"}],"replies":[{"embeddable":true,"href":"https:\/\/actugoodies.com\/index.php?rest_route=%2Fwp%2Fv2%2Fcomments&post=1022"}],"version-history":[{"count":2,"href":"https:\/\/actugoodies.com\/index.php?rest_route=\/wp\/v2\/pages\/1022\/revisions"}],"predecessor-version":[{"id":1029,"href":"https:\/\/actugoodies.com\/index.php?rest_route=\/wp\/v2\/pages\/1022\/revisions\/1029"}],"wp:attachment":[{"href":"https:\/\/actugoodies.com\/index.php?rest_route=%2Fwp%2Fv2%2Fmedia&parent=1022"}],"curies":[{"name":"wp","href":"https:\/\/api.w.org\/{rel}","templated":true}]}}