{"id":315,"date":"2024-02-01T16:41:07","date_gmt":"2024-02-01T15:41:07","guid":{"rendered":"https:\/\/actugoodies.com\/?page_id=315"},"modified":"2024-02-20T14:50:52","modified_gmt":"2024-02-20T13:50:52","slug":"les-nouveautes","status":"publish","type":"page","link":"https:\/\/actugoodies.com\/?page_id=315","title":{"rendered":"Les nouveaut\u00e9s"},"content":{"rendered":"<p>[et_pb_section fb_built=\u00a0\u00bb1&Prime; _builder_version=\u00a0\u00bb4.24.1&Prime; _module_preset=\u00a0\u00bbdefault\u00a0\u00bb global_colors_info=\u00a0\u00bb{}\u00a0\u00bb][et_pb_row _builder_version=\u00a0\u00bb4.24.1&Prime; _module_preset=\u00a0\u00bbdefault\u00a0\u00bb global_colors_info=\u00a0\u00bb{}\u00a0\u00bb][et_pb_column type=\u00a0\u00bb4_4&Prime; _builder_version=\u00a0\u00bb4.24.1&Prime; _module_preset=\u00a0\u00bbdefault\u00a0\u00bb global_colors_info=\u00a0\u00bb{}\u00a0\u00bb][et_pb_text _builder_version=\u00a0\u00bb4.24.1&Prime; _module_preset=\u00a0\u00bbdefault\u00a0\u00bb global_colors_info=\u00a0\u00bb{}\u00a0\u00bb]<\/p>\n<h1 style=\"text-align: center;\"><strong>LES NOUVEAUT\u00c9S<\/strong><\/h1>\n<p>[\/et_pb_text][\/et_pb_column][\/et_pb_row][\/et_pb_section][et_pb_section fb_built=\u00a0\u00bb1&Prime; _builder_version=\u00a0\u00bb4.24.1&Prime; _module_preset=\u00a0\u00bbdefault\u00a0\u00bb use_background_color_gradient=\u00a0\u00bbon\u00a0\u00bb background_color_gradient_direction=\u00a0\u00bb90deg\u00a0\u00bb background_color_gradient_stops=\u00a0\u00bbrgba(122,122,122,0) 54%|rgba(0,0,0,0.8) 100%\u00a0\u00bb background_color_gradient_overlays_image=\u00a0\u00bbon\u00a0\u00bb background_image=\u00a0\u00bbhttps:\/\/actugoodies.com\/wp-content\/uploads\/2024\/02\/sac-fourre-tout-uni-coton-blanc-pour-design-scaled.jpg\u00a0\u00bb hover_enabled=\u00a0\u00bb0&Prime; global_colors_info=\u00a0\u00bb{}\u00a0\u00bb sticky_enabled=\u00a0\u00bb0&Prime;][et_pb_row column_structure=\u00a0\u00bb1_3,1_3,1_3&Prime; _builder_version=\u00a0\u00bb4.24.0&Prime; _module_preset=\u00a0\u00bbdefault\u00a0\u00bb global_colors_info=\u00a0\u00bb{}\u00a0\u00bb][et_pb_column type=\u00a0\u00bb1_3&Prime; _builder_version=\u00a0\u00bb4.24.0&Prime; _module_preset=\u00a0\u00bbdefault\u00a0\u00bb global_colors_info=\u00a0\u00bb{}\u00a0\u00bb][et_pb_video src=\u00a0\u00bbhttps:\/\/youtu.be\/FVlWNWiNvJs?si=CKqj7sJsLP0gn30t\u00a0\u00bb _builder_version=\u00a0\u00bb4.24.1&Prime; _module_preset=\u00a0\u00bbdefault\u00a0\u00bb border_radii=\u00a0\u00bbon|10px|10px|10px|10px\u00a0\u00bb global_colors_info=\u00a0\u00bb{}\u00a0\u00bb][\/et_pb_video][et_pb_text module_class=\u00a0\u00bbtexte-cache\u00a0\u00bb _builder_version=\u00a0\u00bb4.24.1&Prime; _module_preset=\u00a0\u00bbdefault\u00a0\u00bb background_color=\u00a0\u00bb#FFFFFF\u00a0\u00bb border_radii=\u00a0\u00bbon|5px|5px|5px|5px\u00a0\u00bb global_colors_info=\u00a0\u00bb{}\u00a0\u00bb]<\/p>\n<p><span style=\"color: #000000;\"><strong>D\u00e9couvrez la r\u00e9volution de l&rsquo;\u00e9l\u00e9gance durable avec la nouvelle collection Bambou d&rsquo;objets publicitaires pour 2024 ! <\/strong><\/span><\/p>\n<p><span style=\"color: #000000;\">Con\u00e7ue avec un engagement envers la durabilit\u00e9 et le style, cette gamme exceptionnelle fusionne l&rsquo;esth\u00e9tique moderne avec la conscience \u00e9cologique. <\/span><\/p>\n<p><span style=\"color: #000000;\">Chaque pi\u00e8ce est soigneusement fabriqu\u00e9e \u00e0 partir de bambou, une ressource renouvelable, offrant non seulement une alternative \u00e9cologique, mais aussi un design raffin\u00e9 et contemporain. Que ce soit pour promouvoir votre entreprise ou offrir des cadeaux d&rsquo;entreprise uniques, cette collection Bambou garantit une visibilit\u00e9 maximale tout en contribuant \u00e0 la pr\u00e9servation de notre plan\u00e8te. <\/span><\/p>\n<p><span style=\"color: #000000;\">Joignez-vous \u00e0 nous dans cette aventure vers un avenir plus vert et styl\u00e9 ! Explorez la diversit\u00e9 de nos articles Bambou et adoptez une approche responsable de la promotion de votre marque ! <\/span><\/p>\n<p>[\/et_pb_text][et_pb_button button_text=\u00a0\u00bbClics\u00a0\u00bb button_alignment=\u00a0\u00bbright\u00a0\u00bb module_class=\u00a0\u00bbbouton-ouverture\u00a0\u00bb _builder_version=\u00a0\u00bb4.24.1&Prime; _module_preset=\u00a0\u00bbdefault\u00a0\u00bb custom_button=\u00a0\u00bbon\u00a0\u00bb button_text_size=\u00a0\u00bb14px\u00a0\u00bb button_text_color=\u00a0\u00bb#FFFFFF\u00a0\u00bb button_bg_color=\u00a0\u00bbRGBA(255,255,255,0)\u00a0\u00bb button_border_width=\u00a0\u00bb0px\u00a0\u00bb custom_css_main_element=\u00a0\u00bbcursor:pointer;\u00a0\u00bb global_colors_info=\u00a0\u00bb{}\u00a0\u00bb][\/et_pb_button][et_pb_code _builder_version=\u00a0\u00bb4.24.0&Prime; _module_preset=\u00a0\u00bbdefault\u00a0\u00bb global_colors_info=\u00a0\u00bb{}\u00a0\u00bb]<script><!-- [et_pb_line_break_holder] -->jQuery(document).ready(function ($) {<!-- [et_pb_line_break_holder] -->  $(\"a.bouton-ouverture\").removeAttr(\"href\"); \/\/ On supprime le lien de notre bouton <!-- [et_pb_line_break_holder] -->\t<!-- [et_pb_line_break_holder] -->  $('.bouton-ouverture').on('click', function(){ \/\/ lorsqu'on clique sur le bouton<!-- [et_pb_line_break_holder] -->  $('.texte-cache').toggleClass('ouvert'); \/\/ On ajoute ou retire la classe CSS \"ouvert\"<!-- [et_pb_line_break_holder] -->  <!-- [et_pb_line_break_holder] -->  if ($('.texte-cache').hasClass('ouvert')) { \/\/ Si le module texte a la classe \"ouvert\"<!-- [et_pb_line_break_holder] -->    $('.bouton-ouverture').html('LIRE MOINS'); \/\/ On affiche LIRE MOINS sur le bouton<!-- [et_pb_line_break_holder] -->  } else {<!-- [et_pb_line_break_holder] -->    $('.bouton-ouverture').html('LIRE PLUS'); \/\/ Sinon on affiche LIRE PLUS<!-- [et_pb_line_break_holder] -->  }<!-- [et_pb_line_break_holder] -->\t});<!-- [et_pb_line_break_holder] -->});<!-- [et_pb_line_break_holder] --><\/script>[\/et_pb_code][\/et_pb_column][et_pb_column type=\u00a0\u00bb1_3&Prime; _builder_version=\u00a0\u00bb4.24.0&Prime; _module_preset=\u00a0\u00bbdefault\u00a0\u00bb global_colors_info=\u00a0\u00bb{}\u00a0\u00bb][et_pb_video src=\u00a0\u00bbhttps:\/\/youtu.be\/I40ca0IZpoc?si=owInWyHDVOHie_sv\u00a0\u00bb _builder_version=\u00a0\u00bb4.24.1&Prime; _module_preset=\u00a0\u00bbdefault\u00a0\u00bb border_radii=\u00a0\u00bbon|10px|10px|10px|10px\u00a0\u00bb global_colors_info=\u00a0\u00bb{}\u00a0\u00bb][\/et_pb_video][et_pb_text module_class=\u00a0\u00bbtexte-cache\u00a0\u00bb _builder_version=\u00a0\u00bb4.24.1&Prime; _module_preset=\u00a0\u00bbdefault\u00a0\u00bb background_color=\u00a0\u00bb#FFFFFF\u00a0\u00bb border_radii=\u00a0\u00bbon|5px|5px|5px|5px\u00a0\u00bb global_colors_info=\u00a0\u00bb{}\u00a0\u00bb]<\/p>\n<p><span style=\"color: #000000;\"><strong><span class=\"yt-core-attributed-string--link-inherit-color\">Explorez le style \u00e9thique avec la nouvelle collection de Tote bags en coton biologique pour l&rsquo;ann\u00e9e 2024 ! <\/span><\/strong><\/span><\/p>\n<p><span class=\"yt-core-attributed-string--link-inherit-color\" style=\"color: #000000;\">Ces sacs polyvalents allient mode et responsabilit\u00e9 environnementale, offrant une option chic et \u00e9cologique pour vos besoins quotidiens. Fabriqu\u00e9s avec du coton biologique certifi\u00e9, nos Tote bags sont le choix id\u00e9al pour ceux qui recherchent une alternative durable sans compromis sur le style. <\/span><\/p>\n<p><span class=\"yt-core-attributed-string--link-inherit-color\" style=\"color: #000000;\">Que ce soit pour vos courses, votre journ\u00e9e \u00e0 la plage, ou en tant qu&rsquo;accessoire de mode consciente, ces Tote bags sont con\u00e7us pour vous accompagner avec \u00e9l\u00e9gance. Soyez en avance sur la tendance \u00e9thique de 2024 et adoptez un accessoire qui parle \u00e0 votre style et \u00e0 votre engagement envers la plan\u00e8te.\u00a0<\/span><span class=\"yt-core-attributed-string--link-inherit-color\"><\/span><\/p>\n<p>[\/et_pb_text][et_pb_button button_text=\u00a0\u00bbClics\u00a0\u00bb button_alignment=\u00a0\u00bbright\u00a0\u00bb module_class=\u00a0\u00bbbouton-ouverture\u00a0\u00bb _builder_version=\u00a0\u00bb4.24.1&Prime; _module_preset=\u00a0\u00bbdefault\u00a0\u00bb custom_button=\u00a0\u00bbon\u00a0\u00bb button_text_size=\u00a0\u00bb14px\u00a0\u00bb button_text_color=\u00a0\u00bb#FFFFFF\u00a0\u00bb button_border_width=\u00a0\u00bb0px\u00a0\u00bb custom_css_main_element=\u00a0\u00bbcursor:pointer;\u00a0\u00bb global_colors_info=\u00a0\u00bb{}\u00a0\u00bb][\/et_pb_button][\/et_pb_column][et_pb_column type=\u00a0\u00bb1_3&Prime; _builder_version=\u00a0\u00bb4.24.0&Prime; _module_preset=\u00a0\u00bbdefault\u00a0\u00bb global_colors_info=\u00a0\u00bb{}\u00a0\u00bb][et_pb_video src=\u00a0\u00bbhttps:\/\/youtu.be\/FOSujnIUM20?si=2qsqT0uZxrwrfO47&Prime; _builder_version=\u00a0\u00bb4.24.1&Prime; _module_preset=\u00a0\u00bbdefault\u00a0\u00bb border_radii=\u00a0\u00bbon|10px|10px|10px|10px\u00a0\u00bb global_colors_info=\u00a0\u00bb{}\u00a0\u00bb][\/et_pb_video][et_pb_text module_class=\u00a0\u00bbtexte-cache\u00a0\u00bb _builder_version=\u00a0\u00bb4.24.1&Prime; _module_preset=\u00a0\u00bbdefault\u00a0\u00bb background_color=\u00a0\u00bb#FFFFFF\u00a0\u00bb border_radii=\u00a0\u00bbon|5px|5px|5px|5px\u00a0\u00bb global_colors_info=\u00a0\u00bb{}\u00a0\u00bb]<\/p>\n<p><span style=\"color: #000000;\"><strong>D\u00e9couvrez une nouvelle \u00e8re de durabilit\u00e9 et de style avec la collection innovante de verres recycl\u00e9s personnalis\u00e9s pour 2024 ! <\/strong><\/span><\/p>\n<p><span style=\"color: #000000;\">Ces magnifiques verres ne sont pas seulement \u00e9cologiques, mais ils sont \u00e9galement le reflet de votre unicit\u00e9. <\/span><\/p>\n<p><span style=\"color: #000000;\">Chaque pi\u00e8ce est soigneusement personnalis\u00e9e pour vous, cr\u00e9ant ainsi une exp\u00e9rience encore plus sp\u00e9ciale. Fusionnant le chic contemporain avec la responsabilit\u00e9 environnementale, la collection de verres recycl\u00e9s est l&rsquo;expression parfaite de votre engagement envers la plan\u00e8te. Offrez un cadeau qui raconte une histoire unique, o\u00f9 chaque verre porte une empreinte personnalis\u00e9e, \u00e9mettant une lueur de durabilit\u00e9 \u00e0 chaque moment. <\/span><\/p>\n<p><span style=\"color: #000000;\">Rejoignez-nous dans cette aventure vers un monde sans d\u00e9chets, o\u00f9 le style rencontre la personnalisation.<\/span><\/p>\n<p>[\/et_pb_text][et_pb_button button_text=\u00a0\u00bbClics\u00a0\u00bb button_alignment=\u00a0\u00bbright\u00a0\u00bb module_class=\u00a0\u00bbbouton-ouverture\u00a0\u00bb _builder_version=\u00a0\u00bb4.24.1&Prime; _module_preset=\u00a0\u00bbdefault\u00a0\u00bb custom_button=\u00a0\u00bbon\u00a0\u00bb button_text_size=\u00a0\u00bb14px\u00a0\u00bb button_text_color=\u00a0\u00bb#FFFFFF\u00a0\u00bb button_bg_color=\u00a0\u00bbRGBA(255,255,255,0)\u00a0\u00bb button_border_width=\u00a0\u00bb0px\u00a0\u00bb custom_css_main_element=\u00a0\u00bbcursor:pointer;\u00a0\u00bb global_colors_info=\u00a0\u00bb{}\u00a0\u00bb][\/et_pb_button][\/et_pb_column][\/et_pb_row][\/et_pb_section]<\/p>\n","protected":false},"excerpt":{"rendered":"<p>LES NOUVEAUT\u00c9SD\u00e9couvrez la r\u00e9volution de l&rsquo;\u00e9l\u00e9gance durable avec la nouvelle collection Bambou d&rsquo;objets publicitaires pour 2024 ! Con\u00e7ue avec un engagement envers la durabilit\u00e9 et le style, cette gamme exceptionnelle fusionne l&rsquo;esth\u00e9tique moderne avec la conscience \u00e9cologique. Chaque pi\u00e8ce est soigneusement fabriqu\u00e9e \u00e0 partir de bambou, une ressource renouvelable, offrant non seulement une alternative \u00e9cologique, [&hellip;]<\/p>\n","protected":false},"author":1,"featured_media":0,"parent":0,"menu_order":0,"comment_status":"closed","ping_status":"closed","template":"","meta":{"_et_pb_use_builder":"on","_et_pb_old_content":"","_et_gb_content_width":"","footnotes":""},"class_list":["post-315","page","type-page","status-publish","hentry"],"yoast_head":"<!-- This site is optimized with the Yoast SEO plugin v27.4 - https:\/\/yoast.com\/product\/yoast-seo-wordpress\/ -->\n<title>Les nouveaut\u00e9s - Actugoodies<\/title>\n<meta name=\"robots\" content=\"index, follow, max-snippet:-1, max-image-preview:large, max-video-preview:-1\" \/>\n<link rel=\"canonical\" href=\"https:\/\/actugoodies.com\/?page_id=315\" \/>\n<meta property=\"og:locale\" content=\"fr_FR\" \/>\n<meta property=\"og:type\" content=\"article\" \/>\n<meta property=\"og:title\" content=\"Les nouveaut\u00e9s - Actugoodies\" \/>\n<meta property=\"og:description\" content=\"LES NOUVEAUT\u00c9SD\u00e9couvrez la r\u00e9volution de l&#039;\u00e9l\u00e9gance durable avec la nouvelle collection Bambou d&#039;objets publicitaires pour 2024 ! Con\u00e7ue avec un engagement envers la durabilit\u00e9 et le style, cette gamme exceptionnelle fusionne l&#039;esth\u00e9tique moderne avec la conscience \u00e9cologique. Chaque pi\u00e8ce est soigneusement fabriqu\u00e9e \u00e0 partir de bambou, une ressource renouvelable, offrant non seulement une alternative \u00e9cologique, [&hellip;]\" \/>\n<meta property=\"og:url\" content=\"https:\/\/actugoodies.com\/?page_id=315\" \/>\n<meta property=\"og:site_name\" content=\"Actugoodies\" \/>\n<meta property=\"article:publisher\" content=\"https:\/\/www.facebook.com\/mediatours?locale=fr_FR\" \/>\n<meta property=\"article:modified_time\" content=\"2024-02-20T13:50:52+00:00\" \/>\n<meta name=\"twitter:card\" content=\"summary_large_image\" \/>\n<script type=\"application\/ld+json\" class=\"yoast-schema-graph\">{\"@context\":\"https:\\\/\\\/schema.org\",\"@graph\":[{\"@type\":\"WebPage\",\"@id\":\"https:\\\/\\\/actugoodies.com\\\/?page_id=315\",\"url\":\"https:\\\/\\\/actugoodies.com\\\/?page_id=315\",\"name\":\"Les nouveaut\u00e9s - Actugoodies\",\"isPartOf\":{\"@id\":\"https:\\\/\\\/actugoodies.com\\\/#website\"},\"datePublished\":\"2024-02-01T15:41:07+00:00\",\"dateModified\":\"2024-02-20T13:50:52+00:00\",\"breadcrumb\":{\"@id\":\"https:\\\/\\\/actugoodies.com\\\/?page_id=315#breadcrumb\"},\"inLanguage\":\"fr-FR\",\"potentialAction\":[{\"@type\":\"ReadAction\",\"target\":[\"https:\\\/\\\/actugoodies.com\\\/?page_id=315\"]}]},{\"@type\":\"BreadcrumbList\",\"@id\":\"https:\\\/\\\/actugoodies.com\\\/?page_id=315#breadcrumb\",\"itemListElement\":[{\"@type\":\"ListItem\",\"position\":1,\"name\":\"Accueil\",\"item\":\"https:\\\/\\\/actugoodies.com\\\/\"},{\"@type\":\"ListItem\",\"position\":2,\"name\":\"Les nouveaut\u00e9s\"}]},{\"@type\":\"WebSite\",\"@id\":\"https:\\\/\\\/actugoodies.com\\\/#website\",\"url\":\"https:\\\/\\\/actugoodies.com\\\/\",\"name\":\"Actugoodies\",\"description\":\"ActuGoodies : Votre source num\u00e9ro un pour les tendances de l&#039;objet publicitaire!\",\"publisher\":{\"@id\":\"https:\\\/\\\/actugoodies.com\\\/#organization\"},\"potentialAction\":[{\"@type\":\"SearchAction\",\"target\":{\"@type\":\"EntryPoint\",\"urlTemplate\":\"https:\\\/\\\/actugoodies.com\\\/?s={search_term_string}\"},\"query-input\":{\"@type\":\"PropertyValueSpecification\",\"valueRequired\":true,\"valueName\":\"search_term_string\"}}],\"inLanguage\":\"fr-FR\"},{\"@type\":\"Organization\",\"@id\":\"https:\\\/\\\/actugoodies.com\\\/#organization\",\"name\":\"Actugoodies\",\"url\":\"https:\\\/\\\/actugoodies.com\\\/\",\"logo\":{\"@type\":\"ImageObject\",\"inLanguage\":\"fr-FR\",\"@id\":\"https:\\\/\\\/actugoodies.com\\\/#\\\/schema\\\/logo\\\/image\\\/\",\"url\":\"http:\\\/\\\/actugoodies.com\\\/wp-content\\\/uploads\\\/2024\\\/01\\\/LOGO_ACTUGOODIES_2024_V2-removebg-preview.png\",\"contentUrl\":\"http:\\\/\\\/actugoodies.com\\\/wp-content\\\/uploads\\\/2024\\\/01\\\/LOGO_ACTUGOODIES_2024_V2-removebg-preview.png\",\"width\":1024,\"height\":243,\"caption\":\"Actugoodies\"},\"image\":{\"@id\":\"https:\\\/\\\/actugoodies.com\\\/#\\\/schema\\\/logo\\\/image\\\/\"},\"sameAs\":[\"https:\\\/\\\/www.facebook.com\\\/mediatours?locale=fr_FR\",\"https:\\\/\\\/www.instagram.com\\\/cadeaucom\\\/\",\"https:\\\/\\\/www.linkedin.com\\\/company\\\/cadeaucom-objets-personnaliss\\\/\"]}]}<\/script>\n<!-- \/ Yoast SEO plugin. -->","yoast_head_json":{"title":"Les nouveaut\u00e9s - Actugoodies","robots":{"index":"index","follow":"follow","max-snippet":"max-snippet:-1","max-image-preview":"max-image-preview:large","max-video-preview":"max-video-preview:-1"},"canonical":"https:\/\/actugoodies.com\/?page_id=315","og_locale":"fr_FR","og_type":"article","og_title":"Les nouveaut\u00e9s - Actugoodies","og_description":"LES NOUVEAUT\u00c9SD\u00e9couvrez la r\u00e9volution de l'\u00e9l\u00e9gance durable avec la nouvelle collection Bambou d'objets publicitaires pour 2024 ! Con\u00e7ue avec un engagement envers la durabilit\u00e9 et le style, cette gamme exceptionnelle fusionne l'esth\u00e9tique moderne avec la conscience \u00e9cologique. Chaque pi\u00e8ce est soigneusement fabriqu\u00e9e \u00e0 partir de bambou, une ressource renouvelable, offrant non seulement une alternative \u00e9cologique, [&hellip;]","og_url":"https:\/\/actugoodies.com\/?page_id=315","og_site_name":"Actugoodies","article_publisher":"https:\/\/www.facebook.com\/mediatours?locale=fr_FR","article_modified_time":"2024-02-20T13:50:52+00:00","twitter_card":"summary_large_image","schema":{"@context":"https:\/\/schema.org","@graph":[{"@type":"WebPage","@id":"https:\/\/actugoodies.com\/?page_id=315","url":"https:\/\/actugoodies.com\/?page_id=315","name":"Les nouveaut\u00e9s - Actugoodies","isPartOf":{"@id":"https:\/\/actugoodies.com\/#website"},"datePublished":"2024-02-01T15:41:07+00:00","dateModified":"2024-02-20T13:50:52+00:00","breadcrumb":{"@id":"https:\/\/actugoodies.com\/?page_id=315#breadcrumb"},"inLanguage":"fr-FR","potentialAction":[{"@type":"ReadAction","target":["https:\/\/actugoodies.com\/?page_id=315"]}]},{"@type":"BreadcrumbList","@id":"https:\/\/actugoodies.com\/?page_id=315#breadcrumb","itemListElement":[{"@type":"ListItem","position":1,"name":"Accueil","item":"https:\/\/actugoodies.com\/"},{"@type":"ListItem","position":2,"name":"Les nouveaut\u00e9s"}]},{"@type":"WebSite","@id":"https:\/\/actugoodies.com\/#website","url":"https:\/\/actugoodies.com\/","name":"Actugoodies","description":"ActuGoodies : Votre source num\u00e9ro un pour les tendances de l&#039;objet publicitaire!","publisher":{"@id":"https:\/\/actugoodies.com\/#organization"},"potentialAction":[{"@type":"SearchAction","target":{"@type":"EntryPoint","urlTemplate":"https:\/\/actugoodies.com\/?s={search_term_string}"},"query-input":{"@type":"PropertyValueSpecification","valueRequired":true,"valueName":"search_term_string"}}],"inLanguage":"fr-FR"},{"@type":"Organization","@id":"https:\/\/actugoodies.com\/#organization","name":"Actugoodies","url":"https:\/\/actugoodies.com\/","logo":{"@type":"ImageObject","inLanguage":"fr-FR","@id":"https:\/\/actugoodies.com\/#\/schema\/logo\/image\/","url":"http:\/\/actugoodies.com\/wp-content\/uploads\/2024\/01\/LOGO_ACTUGOODIES_2024_V2-removebg-preview.png","contentUrl":"http:\/\/actugoodies.com\/wp-content\/uploads\/2024\/01\/LOGO_ACTUGOODIES_2024_V2-removebg-preview.png","width":1024,"height":243,"caption":"Actugoodies"},"image":{"@id":"https:\/\/actugoodies.com\/#\/schema\/logo\/image\/"},"sameAs":["https:\/\/www.facebook.com\/mediatours?locale=fr_FR","https:\/\/www.instagram.com\/cadeaucom\/","https:\/\/www.linkedin.com\/company\/cadeaucom-objets-personnaliss\/"]}]}},"_links":{"self":[{"href":"https:\/\/actugoodies.com\/index.php?rest_route=\/wp\/v2\/pages\/315","targetHints":{"allow":["GET"]}}],"collection":[{"href":"https:\/\/actugoodies.com\/index.php?rest_route=\/wp\/v2\/pages"}],"about":[{"href":"https:\/\/actugoodies.com\/index.php?rest_route=\/wp\/v2\/types\/page"}],"author":[{"embeddable":true,"href":"https:\/\/actugoodies.com\/index.php?rest_route=\/wp\/v2\/users\/1"}],"replies":[{"embeddable":true,"href":"https:\/\/actugoodies.com\/index.php?rest_route=%2Fwp%2Fv2%2Fcomments&post=315"}],"version-history":[{"count":13,"href":"https:\/\/actugoodies.com\/index.php?rest_route=\/wp\/v2\/pages\/315\/revisions"}],"predecessor-version":[{"id":1393,"href":"https:\/\/actugoodies.com\/index.php?rest_route=\/wp\/v2\/pages\/315\/revisions\/1393"}],"wp:attachment":[{"href":"https:\/\/actugoodies.com\/index.php?rest_route=%2Fwp%2Fv2%2Fmedia&parent=315"}],"curies":[{"name":"wp","href":"https:\/\/api.w.org\/{rel}","templated":true}]}}