{"id":583,"date":"2024-02-07T17:20:07","date_gmt":"2024-02-07T16:20:07","guid":{"rendered":"https:\/\/actugoodies.com\/?page_id=583"},"modified":"2024-02-07T17:20:07","modified_gmt":"2024-02-07T16:20:07","slug":"comment-personnaliser-vos-goodies","status":"publish","type":"page","link":"https:\/\/actugoodies.com\/?page_id=583","title":{"rendered":"Comment personnaliser vos Goodies ?"},"content":{"rendered":"<p>[et_pb_section fb_built=\u00a0\u00bb1&Prime; theme_builder_area=\u00a0\u00bbpost_content\u00a0\u00bb _builder_version=\u00a0\u00bb4.24.0&Prime; _module_preset=\u00a0\u00bbdefault\u00a0\u00bb][et_pb_row _builder_version=\u00a0\u00bb4.24.0&Prime; _module_preset=\u00a0\u00bbdefault\u00a0\u00bb column_structure=\u00a0\u00bb1_2,1_2&Prime; theme_builder_area=\u00a0\u00bbpost_content\u00a0\u00bb][et_pb_column _builder_version=\u00a0\u00bb4.24.0&Prime; _module_preset=\u00a0\u00bbdefault\u00a0\u00bb type=\u00a0\u00bb1_2&Prime; theme_builder_area=\u00a0\u00bbpost_content\u00a0\u00bb][et_pb_image src=\u00a0\u00bbhttps:\/\/actugoodies.com\/wp-content\/uploads\/2024\/02\/midocean_printing_facility_3.jpg\u00a0\u00bb _builder_version=\u00a0\u00bb4.24.0&Prime; _module_preset=\u00a0\u00bbdefault\u00a0\u00bb theme_builder_area=\u00a0\u00bbpost_content\u00a0\u00bb hover_enabled=\u00a0\u00bb0&Prime; sticky_enabled=\u00a0\u00bb0&Prime; title_text=\u00a0\u00bbmidocean_printing_facility_3&Prime; custom_margin=\u00a0\u00bb55px||||false|false\u00a0\u00bb][\/et_pb_image][\/et_pb_column][et_pb_column _builder_version=\u00a0\u00bb4.24.0&Prime; _module_preset=\u00a0\u00bbdefault\u00a0\u00bb type=\u00a0\u00bb1_2&Prime; theme_builder_area=\u00a0\u00bbpost_content\u00a0\u00bb][et_pb_text _builder_version=\u00a0\u00bb4.24.0&Prime; _module_preset=\u00a0\u00bbdefault\u00a0\u00bb theme_builder_area=\u00a0\u00bbpost_content\u00a0\u00bb hover_enabled=\u00a0\u00bb0&Prime; sticky_enabled=\u00a0\u00bb0&Prime;]<\/p>\n<h5 style=\"text-align: center;\"><strong>L&rsquo;importance de la personnalisation<\/strong><\/h5>\n<p>La diversit\u00e9 des techniques de marquage, que vous pouvez explorer dans l&rsquo;onglet vid\u00e9o, offre une palette \u00e9tendue d&rsquo;options pour personnaliser des objets publicitaires. Ces m\u00e9thodes polyvalentes permettent de s&rsquo;adapter \u00e0 diff\u00e9rentes mati\u00e8res, formes et complexit\u00e9s de logos, offrant ainsi une personnalisation sur mesure.<\/p>\n<p>Par exemple, la s\u00e9rigraphie est id\u00e9ale pour les surfaces planes, offrant une reproduction nette des logos sur des objets tels que des t-shirts ou des sacs. La broderie, quant \u00e0 elle, ajoute une touche d&rsquo;\u00e9l\u00e9gance aux textiles, cr\u00e9ant un effet visuel attrayant et durable. Si vous visez des surfaces solides comme le m\u00e9tal, la gravure laser se r\u00e9v\u00e8le efficace, offrant une personnalisation pr\u00e9cise et permanente.<\/p>\n<p>Le choix de la technique de marquage d\u00e9pend des caract\u00e9ristiques sp\u00e9cifiques du logo, du support choisi, ainsi que des pr\u00e9f\u00e9rences esth\u00e9tiques. Cette vari\u00e9t\u00e9 d&rsquo;options garantit une personnalisation adapt\u00e9e \u00e0 chaque besoin, renfor\u00e7ant ainsi l&rsquo;efficacit\u00e9 des objets publicitaires dans la promotion de la marque.<\/p>\n<p>[\/et_pb_text][\/et_pb_column][\/et_pb_row][et_pb_row _builder_version=\u00a0\u00bb4.24.0&Prime; _module_preset=\u00a0\u00bbdefault\u00a0\u00bb column_structure=\u00a0\u00bb1_2,1_2&Prime; theme_builder_area=\u00a0\u00bbpost_content\u00a0\u00bb][et_pb_column _builder_version=\u00a0\u00bb4.24.0&Prime; _module_preset=\u00a0\u00bbdefault\u00a0\u00bb type=\u00a0\u00bb1_2&Prime; theme_builder_area=\u00a0\u00bbpost_content\u00a0\u00bb][et_pb_text _builder_version=\u00a0\u00bb4.24.0&Prime; _module_preset=\u00a0\u00bbdefault\u00a0\u00bb theme_builder_area=\u00a0\u00bbpost_content\u00a0\u00bb hover_enabled=\u00a0\u00bb0&Prime; sticky_enabled=\u00a0\u00bb0&Prime;]<\/p>\n<h5 style=\"text-align: center;\"><strong>L&rsquo;importance du support\u00a0<\/strong><\/h5>\n<p style=\"text-align: left;\">La diversit\u00e9 des supports pour la personnalisation de goodies offre une palette strat\u00e9gique pour amplifier votre impact marketing. Les textiles personnalis\u00e9s, tels que les t-shirts et les casquettes, s&rsquo;inscrivent comme des toiles mobiles propices \u00e0 une visibilit\u00e9 quotidienne et d\u00e9contract\u00e9e. Les accessoires de bureau, tels que les stylos et les porte-documents, garantissent une pr\u00e9sence constante dans l&rsquo;environnement professionnel de vos clients, devenant ainsi des ambassadeurs discrets mais puissants de votre marque.<\/p>\n<p style=\"text-align: left;\">Les objets en m\u00e9tal, b\u00e9n\u00e9ficiant de la gravure laser, ajoutent une touche d&rsquo;\u00e9l\u00e9gance et de durabilit\u00e9 \u00e0 votre image de marque. Si votre cible est orient\u00e9e vers la modernit\u00e9, les accessoires technologiques comme les cl\u00e9s USB et les power banks se pr\u00e9sentent comme des choix pertinents, assurant une connectivit\u00e9 continue avec votre public.<\/p>\n<p style=\"text-align: left;\">Pour cr\u00e9er des liens \u00e9motionnels durables, envisagez des goodies li\u00e9s \u00e0 la vie quotidienne de vos clients, comme des articles de cuisine personnalis\u00e9s ou des objets \u00e9cologiques. Ces choix refl\u00e8tent votre engagement envers la durabilit\u00e9 et renforcent la relation client.<\/p>\n<p style=\"text-align: left;\">En comprenant les nuances de chaque support, vous pouvez aligner votre choix sur les pr\u00e9f\u00e9rences de votre public cible, garantissant ainsi une personnalisation optimale et une visibilit\u00e9 accrue de votre marque sur le march\u00e9.<\/p>\n<p>[\/et_pb_text][\/et_pb_column][et_pb_column _builder_version=\u00a0\u00bb4.24.0&Prime; _module_preset=\u00a0\u00bbdefault\u00a0\u00bb type=\u00a0\u00bb1_2&Prime; theme_builder_area=\u00a0\u00bbpost_content\u00a0\u00bb][et_pb_image src=\u00a0\u00bbhttps:\/\/actugoodies.com\/wp-content\/uploads\/2024\/02\/Capture-decran-2024-02-07-171808.png\u00a0\u00bb _builder_version=\u00a0\u00bb4.24.0&Prime; _module_preset=\u00a0\u00bbdefault\u00a0\u00bb theme_builder_area=\u00a0\u00bbpost_content\u00a0\u00bb title_text=\u00a0\u00bbCapture d&rsquo;\u00e9cran 2024-02-07 171808&Prime; hover_enabled=\u00a0\u00bb0&Prime; sticky_enabled=\u00a0\u00bb0&Prime; custom_margin=\u00a0\u00bb30px||||false|false\u00a0\u00bb][\/et_pb_image][\/et_pb_column][\/et_pb_row][\/et_pb_section]<\/p>\n","protected":false},"excerpt":{"rendered":"<p>L&rsquo;importance de la personnalisation La diversit\u00e9 des techniques de marquage, que vous pouvez explorer dans l&rsquo;onglet vid\u00e9o, offre une palette \u00e9tendue d&rsquo;options pour personnaliser des objets publicitaires. Ces m\u00e9thodes polyvalentes permettent de s&rsquo;adapter \u00e0 diff\u00e9rentes mati\u00e8res, formes et complexit\u00e9s de logos, offrant ainsi une personnalisation sur mesure. Par exemple, la s\u00e9rigraphie est id\u00e9ale pour les [&hellip;]<\/p>\n","protected":false},"author":1,"featured_media":0,"parent":0,"menu_order":0,"comment_status":"closed","ping_status":"closed","template":"","meta":{"_et_pb_use_builder":"on","_et_pb_old_content":"","_et_gb_content_width":"","footnotes":""},"class_list":["post-583","page","type-page","status-publish","hentry"],"yoast_head":"<!-- This site is optimized with the Yoast SEO plugin v27.4 - https:\/\/yoast.com\/product\/yoast-seo-wordpress\/ -->\n<title>Comment personnaliser vos Goodies ? - Actugoodies<\/title>\n<meta name=\"robots\" content=\"index, follow, max-snippet:-1, max-image-preview:large, max-video-preview:-1\" \/>\n<link rel=\"canonical\" href=\"https:\/\/actugoodies.com\/?page_id=583\" \/>\n<meta property=\"og:locale\" content=\"fr_FR\" \/>\n<meta property=\"og:type\" content=\"article\" \/>\n<meta property=\"og:title\" content=\"Comment personnaliser vos Goodies ? - Actugoodies\" \/>\n<meta property=\"og:description\" content=\"L&#039;importance de la personnalisation La diversit\u00e9 des techniques de marquage, que vous pouvez explorer dans l&#039;onglet vid\u00e9o, offre une palette \u00e9tendue d&#039;options pour personnaliser des objets publicitaires. Ces m\u00e9thodes polyvalentes permettent de s&#039;adapter \u00e0 diff\u00e9rentes mati\u00e8res, formes et complexit\u00e9s de logos, offrant ainsi une personnalisation sur mesure. Par exemple, la s\u00e9rigraphie est id\u00e9ale pour les [&hellip;]\" \/>\n<meta property=\"og:url\" content=\"https:\/\/actugoodies.com\/?page_id=583\" \/>\n<meta property=\"og:site_name\" content=\"Actugoodies\" \/>\n<meta property=\"article:publisher\" content=\"https:\/\/www.facebook.com\/mediatours?locale=fr_FR\" \/>\n<meta name=\"twitter:card\" content=\"summary_large_image\" \/>\n<script type=\"application\/ld+json\" class=\"yoast-schema-graph\">{\"@context\":\"https:\\\/\\\/schema.org\",\"@graph\":[{\"@type\":\"WebPage\",\"@id\":\"https:\\\/\\\/actugoodies.com\\\/?page_id=583\",\"url\":\"https:\\\/\\\/actugoodies.com\\\/?page_id=583\",\"name\":\"Comment personnaliser vos Goodies ? - Actugoodies\",\"isPartOf\":{\"@id\":\"https:\\\/\\\/actugoodies.com\\\/#website\"},\"datePublished\":\"2024-02-07T16:20:07+00:00\",\"breadcrumb\":{\"@id\":\"https:\\\/\\\/actugoodies.com\\\/?page_id=583#breadcrumb\"},\"inLanguage\":\"fr-FR\",\"potentialAction\":[{\"@type\":\"ReadAction\",\"target\":[\"https:\\\/\\\/actugoodies.com\\\/?page_id=583\"]}]},{\"@type\":\"BreadcrumbList\",\"@id\":\"https:\\\/\\\/actugoodies.com\\\/?page_id=583#breadcrumb\",\"itemListElement\":[{\"@type\":\"ListItem\",\"position\":1,\"name\":\"Accueil\",\"item\":\"https:\\\/\\\/actugoodies.com\\\/\"},{\"@type\":\"ListItem\",\"position\":2,\"name\":\"Comment personnaliser vos Goodies ?\"}]},{\"@type\":\"WebSite\",\"@id\":\"https:\\\/\\\/actugoodies.com\\\/#website\",\"url\":\"https:\\\/\\\/actugoodies.com\\\/\",\"name\":\"Actugoodies\",\"description\":\"ActuGoodies : Votre source num\u00e9ro un pour les tendances de l&#039;objet publicitaire!\",\"publisher\":{\"@id\":\"https:\\\/\\\/actugoodies.com\\\/#organization\"},\"potentialAction\":[{\"@type\":\"SearchAction\",\"target\":{\"@type\":\"EntryPoint\",\"urlTemplate\":\"https:\\\/\\\/actugoodies.com\\\/?s={search_term_string}\"},\"query-input\":{\"@type\":\"PropertyValueSpecification\",\"valueRequired\":true,\"valueName\":\"search_term_string\"}}],\"inLanguage\":\"fr-FR\"},{\"@type\":\"Organization\",\"@id\":\"https:\\\/\\\/actugoodies.com\\\/#organization\",\"name\":\"Actugoodies\",\"url\":\"https:\\\/\\\/actugoodies.com\\\/\",\"logo\":{\"@type\":\"ImageObject\",\"inLanguage\":\"fr-FR\",\"@id\":\"https:\\\/\\\/actugoodies.com\\\/#\\\/schema\\\/logo\\\/image\\\/\",\"url\":\"http:\\\/\\\/actugoodies.com\\\/wp-content\\\/uploads\\\/2024\\\/01\\\/LOGO_ACTUGOODIES_2024_V2-removebg-preview.png\",\"contentUrl\":\"http:\\\/\\\/actugoodies.com\\\/wp-content\\\/uploads\\\/2024\\\/01\\\/LOGO_ACTUGOODIES_2024_V2-removebg-preview.png\",\"width\":1024,\"height\":243,\"caption\":\"Actugoodies\"},\"image\":{\"@id\":\"https:\\\/\\\/actugoodies.com\\\/#\\\/schema\\\/logo\\\/image\\\/\"},\"sameAs\":[\"https:\\\/\\\/www.facebook.com\\\/mediatours?locale=fr_FR\",\"https:\\\/\\\/www.instagram.com\\\/cadeaucom\\\/\",\"https:\\\/\\\/www.linkedin.com\\\/company\\\/cadeaucom-objets-personnaliss\\\/\"]}]}<\/script>\n<!-- \/ Yoast SEO plugin. -->","yoast_head_json":{"title":"Comment personnaliser vos Goodies ? - Actugoodies","robots":{"index":"index","follow":"follow","max-snippet":"max-snippet:-1","max-image-preview":"max-image-preview:large","max-video-preview":"max-video-preview:-1"},"canonical":"https:\/\/actugoodies.com\/?page_id=583","og_locale":"fr_FR","og_type":"article","og_title":"Comment personnaliser vos Goodies ? - Actugoodies","og_description":"L'importance de la personnalisation La diversit\u00e9 des techniques de marquage, que vous pouvez explorer dans l'onglet vid\u00e9o, offre une palette \u00e9tendue d'options pour personnaliser des objets publicitaires. Ces m\u00e9thodes polyvalentes permettent de s'adapter \u00e0 diff\u00e9rentes mati\u00e8res, formes et complexit\u00e9s de logos, offrant ainsi une personnalisation sur mesure. Par exemple, la s\u00e9rigraphie est id\u00e9ale pour les [&hellip;]","og_url":"https:\/\/actugoodies.com\/?page_id=583","og_site_name":"Actugoodies","article_publisher":"https:\/\/www.facebook.com\/mediatours?locale=fr_FR","twitter_card":"summary_large_image","schema":{"@context":"https:\/\/schema.org","@graph":[{"@type":"WebPage","@id":"https:\/\/actugoodies.com\/?page_id=583","url":"https:\/\/actugoodies.com\/?page_id=583","name":"Comment personnaliser vos Goodies ? - Actugoodies","isPartOf":{"@id":"https:\/\/actugoodies.com\/#website"},"datePublished":"2024-02-07T16:20:07+00:00","breadcrumb":{"@id":"https:\/\/actugoodies.com\/?page_id=583#breadcrumb"},"inLanguage":"fr-FR","potentialAction":[{"@type":"ReadAction","target":["https:\/\/actugoodies.com\/?page_id=583"]}]},{"@type":"BreadcrumbList","@id":"https:\/\/actugoodies.com\/?page_id=583#breadcrumb","itemListElement":[{"@type":"ListItem","position":1,"name":"Accueil","item":"https:\/\/actugoodies.com\/"},{"@type":"ListItem","position":2,"name":"Comment personnaliser vos Goodies ?"}]},{"@type":"WebSite","@id":"https:\/\/actugoodies.com\/#website","url":"https:\/\/actugoodies.com\/","name":"Actugoodies","description":"ActuGoodies : Votre source num\u00e9ro un pour les tendances de l&#039;objet publicitaire!","publisher":{"@id":"https:\/\/actugoodies.com\/#organization"},"potentialAction":[{"@type":"SearchAction","target":{"@type":"EntryPoint","urlTemplate":"https:\/\/actugoodies.com\/?s={search_term_string}"},"query-input":{"@type":"PropertyValueSpecification","valueRequired":true,"valueName":"search_term_string"}}],"inLanguage":"fr-FR"},{"@type":"Organization","@id":"https:\/\/actugoodies.com\/#organization","name":"Actugoodies","url":"https:\/\/actugoodies.com\/","logo":{"@type":"ImageObject","inLanguage":"fr-FR","@id":"https:\/\/actugoodies.com\/#\/schema\/logo\/image\/","url":"http:\/\/actugoodies.com\/wp-content\/uploads\/2024\/01\/LOGO_ACTUGOODIES_2024_V2-removebg-preview.png","contentUrl":"http:\/\/actugoodies.com\/wp-content\/uploads\/2024\/01\/LOGO_ACTUGOODIES_2024_V2-removebg-preview.png","width":1024,"height":243,"caption":"Actugoodies"},"image":{"@id":"https:\/\/actugoodies.com\/#\/schema\/logo\/image\/"},"sameAs":["https:\/\/www.facebook.com\/mediatours?locale=fr_FR","https:\/\/www.instagram.com\/cadeaucom\/","https:\/\/www.linkedin.com\/company\/cadeaucom-objets-personnaliss\/"]}]}},"_links":{"self":[{"href":"https:\/\/actugoodies.com\/index.php?rest_route=\/wp\/v2\/pages\/583","targetHints":{"allow":["GET"]}}],"collection":[{"href":"https:\/\/actugoodies.com\/index.php?rest_route=\/wp\/v2\/pages"}],"about":[{"href":"https:\/\/actugoodies.com\/index.php?rest_route=\/wp\/v2\/types\/page"}],"author":[{"embeddable":true,"href":"https:\/\/actugoodies.com\/index.php?rest_route=\/wp\/v2\/users\/1"}],"replies":[{"embeddable":true,"href":"https:\/\/actugoodies.com\/index.php?rest_route=%2Fwp%2Fv2%2Fcomments&post=583"}],"version-history":[{"count":2,"href":"https:\/\/actugoodies.com\/index.php?rest_route=\/wp\/v2\/pages\/583\/revisions"}],"predecessor-version":[{"id":589,"href":"https:\/\/actugoodies.com\/index.php?rest_route=\/wp\/v2\/pages\/583\/revisions\/589"}],"wp:attachment":[{"href":"https:\/\/actugoodies.com\/index.php?rest_route=%2Fwp%2Fv2%2Fmedia&parent=583"}],"curies":[{"name":"wp","href":"https:\/\/api.w.org\/{rel}","templated":true}]}}